{"id":75,"date":"2026-02-01T09:00:42","date_gmt":"2026-02-01T12:00:42","guid":{"rendered":"https:\/\/inct-fna.if.uff.br\/408419-2024-5\/?page_id=75"},"modified":"2026-02-17T11:44:51","modified_gmt":"2026-02-17T14:44:51","slug":"contato","status":"publish","type":"page","link":"https:\/\/inct-fna.if.uff.br\/408419-2024-5\/contato\/","title":{"rendered":"Contato"},"content":{"rendered":"<h3><strong>Instituto Nacional de Ci\u00eancia e Tecnologia &#8211; F\u00edsica Nuclear e Aplica\u00e7\u00f5es (INCT-FNA)<\/strong><\/h3>\n<p><strong>Endere\u00e7o<\/strong>:<\/p>\n<p>Instituto de F\u00edsica da Universidade Federal Fluminense (UFF)<\/p>\n<p>Av. Gal. Milton Tavares de Souza, S\/N\u00ba,\u00a0 Instituto de F\u00edsica, Andar 1P &#8211; A5, Sala 10<\/p>\n<p>Campus da Praia Vermelha &#8211; Niter\u00f3i \/ RJ<\/p>\n<p>CEP 24210-346<\/p>\n<p><strong>Telefone<\/strong>: (21) 2629-5117<\/p>\n<p><strong>Email:<\/strong> <a href=\"mailto:inct.fna@id.uff.br\">inct.fna@id.uff.br<\/a><\/p>\n","protected":false},"excerpt":{"rendered":"<p>Instituto Nacional de Ci\u00eancia e Tecnologia &#8211; F\u00edsica Nuclear e Aplica\u00e7\u00f5es (INCT-FNA) Endere\u00e7o: Instituto de F\u00edsica da Universidade Federal Fluminense (UFF) Av. Gal. Milton Tavares de Souza, S\/N\u00ba,\u00a0 Instituto de F\u00edsica, Andar 1P &#8211; A5, Sala 10 Campus da Praia Vermelha &#8211; Niter\u00f3i \/ RJ CEP 24210-346 Telefone: (21) 2629-5117 Email: inct.fna@id.uff.br<\/p>\n","protected":false},"author":149,"featured_media":0,"parent":0,"menu_order":0,"comment_status":"closed","ping_status":"closed","template":"","meta":{"_acf_changed":false,"_monsterinsights_skip_tracking":false,"_monsterinsights_sitenote_active":false,"_monsterinsights_sitenote_note":"","_monsterinsights_sitenote_category":0,"footnotes":""},"class_list":["post-75","page","type-page","status-publish","hentry"],"acf":[],"_links":{"self":[{"href":"https:\/\/inct-fna.if.uff.br\/408419-2024-5\/wp-json\/wp\/v2\/pages\/75","targetHints":{"allow":["GET"]}}],"collection":[{"href":"https:\/\/inct-fna.if.uff.br\/408419-2024-5\/wp-json\/wp\/v2\/pages"}],"about":[{"href":"https:\/\/inct-fna.if.uff.br\/408419-2024-5\/wp-json\/wp\/v2\/types\/page"}],"author":[{"embeddable":true,"href":"https:\/\/inct-fna.if.uff.br\/408419-2024-5\/wp-json\/wp\/v2\/users\/149"}],"replies":[{"embeddable":true,"href":"https:\/\/inct-fna.if.uff.br\/408419-2024-5\/wp-json\/wp\/v2\/comments?post=75"}],"version-history":[{"count":1,"href":"https:\/\/inct-fna.if.uff.br\/408419-2024-5\/wp-json\/wp\/v2\/pages\/75\/revisions"}],"predecessor-version":[{"id":76,"href":"https:\/\/inct-fna.if.uff.br\/408419-2024-5\/wp-json\/wp\/v2\/pages\/75\/revisions\/76"}],"wp:attachment":[{"href":"https:\/\/inct-fna.if.uff.br\/408419-2024-5\/wp-json\/wp\/v2\/media?parent=75"}],"curies":[{"name":"wp","href":"https:\/\/api.w.org\/{rel}","templated":true}]}}